nd 139349289?
17
What is the greatest common divisor of 29538879 and 359?
359
What is the greatest common divisor of 401 and 21833247?
401
Calculate the highest common factor of 40736 and 1000.
8
Calculate the highest common factor of 4434 and 354442875.
2217
What is the greatest common factor of 53 and 263638483?
53
What is the greatest common divisor of 24732 and 332424?
108
Calculate the greatest common factor of 1660480 and 38400.
320
Calculate the highest common divisor of 506325 and 980400.
3225
What is the greatest common divisor of 130800 and 6984?
24
What is the greatest common divisor of 1791 and 77887605?
597
What is the greatest common divisor of 534187 and 20087?
53
What is the greatest common factor of 1050 and 1498800?
150
Calculate the highest common divisor of 2667 and 1212977.
127
Calculate the highest common factor of 286438488 and 168.
168
Calculate the highest common divisor of 9159 and 3755835.
129
Calculate the greatest common divisor of 312147789 and 1311.
1311
What is the highest common factor of 13648 and 29648?
16
What is the greatest common factor of 8936 and 50560?
8
Calculate the greatest common factor of 244 and 24155207.
61
What is the highest common factor of 173352 and 402504?
744
Calculate the greatest common divisor of 5393360 and 15120.
560
Calculate the highest common divisor of 202680 and 622260.
180
What is the greatest common factor of 86173 and 5809?
37
Calculate the greatest common factor of 217420794 and 2852.
1426
Calculate the greatest common factor of 379640576 and 3171.
1057
Calculate the highest common factor of 247680 and 5616.
144
Calculate the greatest common factor of 220 and 115100876.
44
Calculate the greatest common divisor of 109966983 and 77.
7
Calculate the highest common divisor of 5449850 and 9975.
175
Calculate the highest common divisor of 853806067 and 5743.
5743
Calculate the highest common factor of 19103685 and 1605.
15
What is the highest common factor of 400878888 and 156?
12
What is the greatest common divisor of 111548378 and 4?
2
Calculate the greatest common divisor of 11733187 and 7713.
857
What is the highest common divisor of 3378544 and 28157?
37
Calculate the greatest common divisor of 1174437 and 99.
99
Calculate the greatest common divisor of 1626882 and 5428.
46
What is the highest common factor of 6351688 and 2626?
202
Calculate the highest common divisor of 7343460 and 24.
12
Calculate the highest common factor of 1773 and 59931.
9
What is the greatest common divisor of 150 and 8195190?
30
What is the greatest common factor of 76826954 and 28064?
1754
Calculate the greatest common factor of 29614 and 1542359.
221
What is the highest common factor of 2436 and 4171650?
1218
What is the highest common divisor of 87234904 and 6920?
1384
Calculate the greatest common divisor of 68706333 and 17.
17
Calculate the greatest common divisor of 64516 and 28.
4
Calculate the greatest common factor of 2425 and 1099204.
97
What is the greatest common factor of 3324 and 28869?
3
What is the greatest common divisor of 340870792 and 112?
8
Calculate the greatest common divisor of 117221 and 160147.
1651
Calculate the greatest common divisor of 31016080 and 192.
16
Calculate the greatest common divisor of 315 and 3737727.
63
Calculate the highest common factor of 3423087 and 27.
27
What is the greatest common divisor of 70 and 19161156?
14
What is the greatest common factor of 769060 and 260?
20
What is the greatest common factor of 1007 and 232723?
53
Calculate the highest common factor of 150 and 13770030.
30
Calculate the greatest common divisor of 5625 and 3763750.
625
Calculate the greatest common divisor of 9000 and 46306440.
360
What is the greatest common factor of 262470846 and 66?
66
What is the highest common divisor of 569036880 and 2160?
2160
Calculate the greatest common factor of 444805 and 697.
17
What is the highest common divisor of 6817 and 46422567?
401
What is the highest common divisor of 99653 and 22019?
227
Calculate the greatest common factor of 4 and 705716204.
4
Calculate the highest common divisor of 1737945 and 3879.
9
What is the greatest common factor of 3604 and 12063118?
106
Calculate the highest common divisor of 4 and 611206.
2
Calculate the greatest common divisor of 2232 and 27443184.
744
What is the highest common factor of 545432 and 191864?
232
What is the greatest common divisor of 624 and 25256114?
26
What is the highest common factor of 12 and 39258444?
12
Calculate the highest common factor of 6858 and 1930446.
54
What is the highest common factor of 8 and 24740368?
8
What is the greatest common divisor of 81150 and 3975?
75
What is the greatest common factor of 209489895 and 41310?
6885
Calculate the highest common factor of 154879584 and 3.
3
What is the greatest common divisor of 5200 and 371075900?
1300
What is the greatest common divisor of 522 and 27998694?
18
What is the greatest common factor of 35003 and 58779693?
1207
What is the highest common factor of 1898 and 1969978?
146
What is the highest common divisor of 171518 and 2097728?
898
Calculate the highest common factor of 119448 and 171.
9
Calculate the highest common factor of 14 and 266347963.
7
What is the greatest common factor of 4922 and 516764?
46
Calculate the greatest common factor of 680 and 75124904.
136
Calculate the highest common factor of 788601 and 146499.
3117
What is the greatest common divisor of 602 and 48650?
14
What is the greatest common divisor of 37599588 and 936?
468
Calculate the greatest common divisor of 4324 and 116184.
188
Calculate the greatest common divisor of 241100880 and 1776.
1776
What is the highest common factor of 25678941 and 3254?
1627
What is the highest common factor of 163201 and 1172?
293
What is the greatest common divisor of 1094274 and 36?
18
What is the greatest common factor of 3977208 and 33804?
108
Calculate the highest common divisor of 1370 and 4316364470.
1370
Calculate the greatest common factor of 33154575 and 175.
25
Calculate the greatest common divisor of 532 and 1887317082.
266
What is the highest common factor of 34132 and 173604?
92
Calculate the greatest common factor of 1072 and 18568983.
67
Calculate the highest common divisor of 1496 and 195278490.
374
Calculate the highest common divisor of 385872938 and 418.
418
Calculate the greatest common divisor of 4067 and 97.
1
Calculate the highest common factor of 37 and 36806860.
37
Calculate the greatest common factor of 341202 and 410.
82
Calculate the greatest common factor of 219937575 and 715.
715
Calculate the highest common factor of 203 and 28280539.
203
What is the greatest common factor of 38036861 and 3140?
157
Calculate the highest common factor of 435 and 49631064.
87
What is the highest common factor of 54212370 and 239?
239
Calculate the greatest common factor of 893248170 and 510.
510
Calculate the greatest common factor of 903167 and 4365.
97
Calculate the highest common factor of 30762853 and 594.
11
What is the highest common factor of 3126475 and 20075?
275
What is the greatest common factor of 9121614 and 2407518?
6126
What is the highest common factor of 113122 and 722742?
326
Calculate the highest common factor of 26904 and 2606.
2
What is the highest common divisor of 37581916 and 4?
4
Calculate the greatest common divisor of 9974790 and 2070.
90
Calculate the highest common divisor of 75 and 18813075.
75
What is the highest common divisor of 434192 and 95216?
176
Calculate the highest common factor of 896613 and 18349.
311
What is the highest common divisor of 240 and 19212240?
240
What is the greatest common factor of 34692520 and 250?
10
Calculate the highest common divisor of 2430 and 66981330.
810
What is the greatest common factor of 59225729 and 166?
83
Calculate the highest common divisor of 30267 and 15428.
19
What is the greatest common factor of 28196 and 303373?
133
Calculate the highest common divisor of 245220972 and 6.
6
Calculate the highest common divisor of 2112500 and 2875.
125
Calculate the highest common divisor of 265239 and 1179.
9
Calculate the highest common factor of 13138987 and 454.
227
What is the greatest common divisor of 2227 and 14827759?
131
Calculate the greatest common divisor of 474180 and 3360.
42